What is the remainder when 950997 is divided by 904?
893
What is the remainder when 4280715 is divided by 3784?
1011
Calculate the remainder when 6743 is divided by 3057.
629
What is the remainder when 14083083 is divided by 2011869?
0
What is the remainder when 3447284 is divided by 820?
4
Calculate the remainder when 154346 is divided by 77080.
186
What is the remainder when 4567165 is divided by 5149?
2
What is the remainder when 3199204 is divided by 3225?
4
What is the remainder when 426288662 is divided by 27?
26
Calculate the remainder when 5206532 is divided by 216.
68
Calculate the remainder when 649626 is divided by 645811.
3815
Calculate the remainder when 43478420 is divided by 99.
95
Calculate the remainder when 1298626 is divided by 182.
56
Calculate the remainder when 143354 is divided by 20352.
890
What is the remainder when 564011 is divided by 6627?
716
What is the remainder when 6626612 is divided by 441772?
32
What is the remainder when 48836969 is divided by 35?
34
What is the remainder when 8545308 is divided by 4262?
4260
What is the remainder when 544589 is divided by 355?
19
Calculate the remainder when 37988 is divided by 37743.
245
What is the remainder when 509310 is divided by 99?
54
Calculate the remainder when 6451196 is divided by 972.
32
Calculate the remainder when 1335935 is divided by 667954.
27
What is the remainder when 2466421 is divided by 27?
25
Calculate the remainder when 53842167 is divided by 47438.
37
What is the remainder when 1237191 is divided by 314?
31
Calculate the remainder when 4839988 is divided by 21511.
13
Calculate the remainder when 19871881 is divided by 173.
63
What is the remainder when 58583 is divided by 39?
5
Calculate the remainder when 68953 is divided by 9643.
1452
What is the remainder when 581454 is divided by 1029?
69
Calculate the remainder when 72711 is divided by 72311.
400
What is the remainder when 617745 is divided by 204742?
3519
Calculate the remainder when 2835161 is divided by 11.
10
What is the remainder when 159646311 is divided by 23?
22
What is the remainder when 24704783 is divided by 54?
53
Calculate the remainder when 333722915 is divided by 57.
56
Calculate the remainder when 9891355 is divided by 57844.
31
Calculate the remainder when 269816 is divided by 1983.
128
What is the remainder when 535930 is divided by 2187?
115
What is the remainder when 4159551 is divided by 76?
71
What is the remainder when 510695 is divided by 101849?
1450
What is the remainder when 5858261 is divided by 976374?
17
What is the remainder when 3754 is divided by 359?
164
Calculate the remainder when 10426470 is divided by 761.
9
Calculate the remainder when 57395518 is divided by 130.
128
What is the remainder when 84469923 is divided by 42234949?
25
Calculate the remainder when 6098530 is divided by 141.
139
What is the remainder when 565244 is divided by 12019?
351
Calculate the remainder when 55332 is divided by 7885.
137
Calculate the remainder when 92216236 is divided by 11527027.
20
Calculate the remainder when 494902 is divided by 697.
32
What is the remainder when 212248 is divided by 10604?
168
Calculate the remainder when 33485388 is divided by 697612.
12
What is the remainder when 55317 is divided by 660?
537
Calculate the remainder when 18745785 is divided by 110.
25
What is the remainder when 160612915 is divided by 257?
251
What is the remainder when 17943 is divided by 5810?
513
Calculate the remainder when 54569 is divided by 54238.
331
What is the remainder when 17820234 is divided by 219?
204
What is the remainder when 62129 is divided by 667?
98
What is the remainder when 442179596 is divided by 10558?
10556
Calculate the remainder when 84089 is divided by 34.
7
Calculate the remainder when 25968030 is divided by 169.
166
What is the remainder when 430624 is divided by 47802?
406
Calculate the remainder when 2897313 is divided by 49.
41
What is the remainder when 11530240 is divided by 25?
15
What is the remainder when 6097326 is divided by 184?
118
Calculate the remainder when 917689 is divided by 26.
19
What is the remainder when 693961125 is divided by 722?
717
What is the remainder when 92423 is divided by 14890?
3083
What is the remainder when 21221 is divided by 2044?
781
Calculate the remainder when 1558401 is divided by 3167.
237
What is the remainder when 9551572 is divided by 682234?
296
Calculate the remainder when 35253 is divided by 5873.
15
Calculate the remainder when 39310997 is divided by 5615839.
124
What is the remainder when 800268 is divided by 174?
42
Calculate the remainder when 78482587 is divided by 1708.
1695
What is the remainder when 5965037 is divided by 159?
152
Calculate the remainder when 28683391 is divided by 88803.
22
What is the remainder when 4837879 is divided by 190?
99
What is the remainder when 53191 is divided by 13270?
111
Calculate the remainder when 7047 is divided by 7040.
7
Calculate the remainder when 191133179 is divided by 4871.
10
What is the remainder when 599488 is divided by 149853?
76
Calculate the remainder when 679865 is divided by 2548.
2097
Calculate the remainder when 3079877 is divided by 503.
8
Calculate the remainder when 807428300 is divided by 27.
23
Calculate the remainder when 84566 is divided by 159.
137
Calculate the remainder when 1076923 is divided by 912.
763
Calculate the remainder when 44974685 is divided by 134.
131
Calculate the remainder when 4047176 is divided by 39678.
20
What is the remainder when 192362 is divided by 94749?
2864
Calculate the remainder when 26798779 is divided by 32.
27
Calculate the remainder when 12760 is divided by 285.
220
What is the remainder when 76188637 is divided by 80?
77
Calculate the remainder when 11171437 is divided by 4.
1
What is the remainder when 28732053 is divided by 18324?
21
What is the remainder when 1783794 is divided by 99099?
12
Calculate the remainder when 230891 is divided by 954.
23
Calculate the remainder when 13208828 is divided by 3528.
3524
What is the remainder when 23335782 is divided by 230?
212
Calculate the remainder when 1101541 is divided by 220172.
681
What is the remainder when 38849 is divided by 7288?
2409
What is the remainder when 536881 is divided by 536812?
69
Calculate the remainder when 24355373 is divided by 3090.
3083
What is the remainder when 710325 is divided by 71026?
65
What is the remainder when 15509869 is divided by 13?
11
Calculate the remainder when 7950909 is divided by 2550.
9
Calculate the remainder when 428783 is divided by 44.
3
What is the remainder when 58118 is divided by 3903?
3476
What is the remainder when 32422 is divided by 2925?
247
Calculate the remainder when 128265 is divided by 2911.
181
Calculate the remainder when 449822560 is divided by 291.
289
What is the remainder when 2572605 is divided by 58?
15
Calculate the remainder when 4099957 is divided by 42267.
58
What is the remainder when 1122232 is divided by 10790?
72
Calculate the remainder when 460085 is divided by 392.
269
Calculate the remainder when 27985709 is divided by 22.
15
Calculate the remainder when 2304578 is divided by 2607.
2597
What is the remainder when 2869301 is divided by 830?
821
Calculate the remainder when 106502 is divided by 471.
56
What is the remainder when 946477 is divided by 189276?
97
What is the remainder when 31894979 is divided by 1985?
1984
What is the remainder when 47001 is divided by 980?
941
Calculate the remainder when 604649492 is divided by 875.
867
Calculate the remainder when 360280 is divided by 1217.
48
Calculate the remainder when 43689 is divided by 3623.
213
Calculate the remainder when 1037757 is divided by 1624.
21
What is the remainder when 3003192 is divided by 1026?
90
What is the remainder when 4048511 is divided by 674542?
1259
What is the remainder when 1661483 is divided by 7692?
11
Calculate the remainder when 1235041 is divided by 411609.
214
What is the remainder when 163421 is divided by 2820?
2681
Calculate the remainder when 3657689 is divided by 1828836.
17
What is the remainder when 144310 is divided by 144192?
118
Calculate the remainder when 490133 is divided by 178.
99
Calculate the remainder when 63326 is divided by 1907.
395
What is the remainder when 40